 -1402506*p + 9817550. Determine f(7).
8
Let y(f) = -4*f**3 - 262*f**2 - 172*f - 2708. What is y(-65)?
22
Let n(w) = -222*w - 5337. Calculate n(-24).
-9
Let t(c) = 7749*c + 573333. Give t(-74).
-93
Let r(m) = 2*m**2 - 2403*m - 111929. Calculate r(-45).
256
Let z(k) = -32575*k - 358323. Calculate z(-11).
2
Let p(l) = -4*l**3 - 30*l**2 - 350*l + 32. What is p(-11)?
5576
Let l(t) = 423*t - 62557. Give l(148).
47
Let h(v) = 2585*v**3 + 2*v**2 - 94*v - 95. Give h(-1).
-2584
Let y(x) = -x**2 + 5556*x + 445211. Calculate y(-79).
46
Let m(h) = 1420*h + 75020. Determine m(-53).
-240
Let s(p) = 16*p**2 - 246*p - 261. Calculate s(16).
-101
Let a(q) = 3*q**3 - 49*q**2 + 60*q - 2343. Determine a(17).
-745
Let k(v) = 2*v**3 + 341*v**2 + 2306*v + 124. Determine k(-7).
5
Let z(l) = l**3 - 82*l**2 + 317*l - 245. Calculate z(78).
145
Let f(z) = -3*z**2 - 13*z + 13201. What is f(-69)?
-185
Let r(v) = 1913*v + 490372. Calculate r(-256).
644
Let c(s) = s**2 + 779*s + 126267. Give c(-230).
-3
Let u(k) = 7*k**2 + 10578*k + 105837. Calculate u(-10).
757
Let p(m) = 120*m**2 + 54*m - 54. What is p(1)?
120
Let w(g) = -3*g**2 - 49900*g + 3658696. Calculate w(73).
9
Let w(j) = -2*j**2 + 909*j - 54055. Calculate w(71).
402
Let l(w) = 4*w**2 - 71*w - 288. Calculate l(22).
86
Let s(u) = u**2 - 1559*u + 207571. Give s(147).
7
Let j(r) = -4232*r - 50787. What is j(-12)?
-3
Let d(o) = o**3 - 51*o**2 - 149*o - 382. Calculate d(54).
320
Let y(c) = c**3 - 4*c**2 + 204*c - 1879. Calculate y(8).
9
Let b(w) = 59059*w + 1299267. Give b(-22).
-31
Let i(f) = -f**3 + 72*f**2 + 462*f - 5924. Calculate i(77).
5
Let p(m) = -27*m**3 + 118*m**2 - 51*m + 315. Give p(5).
-365
Let m(j) = -69230*j**2 - 276922*j + 4. Give m(-4).
12
Let a(f) = 187*f + 5015. Calculate a(-41).
-2652
Let n(w) = 104*w - 12251. What is n(118)?
21
Let z(j) = -53*j**3 - 64*j**2 - 67*j - 6. What is z(-1)?
50
Let s(c) = -c**3 + 29*c**2 - 132*c + 66. What is s(5)?
6
Let f(g) = 43466*g + 43470. Calculate f(-1).
4
Let g(a) = 4468*a - 60221. What is g(14)?
2331
Let v(r) = r**2 + 1237*r + 290445. What is v(-315)?
15
Let d(l) = 10*l**3 + 384*l**2 + 151*l - 4. Determine d(-38).
34
Let t(s) = 13*s**2 - 531*s + 3002. Determine t(34).
-24
Let k(l) = -7*l**3 - 577*l**2 - 10846*l + 7. Give k(-29).
7
Let r(t) = 72*t - 2014. Calculate r(28).
2
Let g(p) = -104*p**2 - 2493*p - 2492. What is g(-1)?
-103
Let u(h) = 4*h**2 - 1127*h - 17980. Determine u(297).
137
Let n(p) = -268*p - 40697. Determine n(-145).
-1837
Let n(t) = 2*t**3 + 529*t**2 - 39707*t - 251. What is n(61)?
-7
Let n(f) = 18496*f - 425408. Give n(23).
0
Let n(r) = r**3 - 256*r**2 + 7560*r - 2650. What is n(222)?
14
Let y(t) = 1266146*t - 17726052. Calculate y(14).
-8
Let n(j) = -j**3 + 139*j**2 - 298*j + 41. What is n(2)?
-7
Let c(a) = a**3 + 57*a**2 + 471*a - 397. Give c(-48).
-2269
Let v(x) = -3*x**2 + 283*x - 1394. Calculate v(89).
30
Let q(s) = 84*s**2 - 10463*s - 4592. Calculate q(125).
33
Let u(w) = -1727*w + 329864. Determine u(191).
7
Let f(g) = 2*g**2 - 1099*g - 4369. Calculate f(-4).
59
Let g(m) = -m**3 - 503*m**2 - 1924*m + 282. Calculate g(-4).
-6
Let c(z) = z**3 + 45*z**2 + 126*z - 64. Determine c(-42).
-64
Let v(y) = 6*y**2 + 207*y + 195. What is v(-34)?
93
Let x(s) = s**3 - 59*s**2 - 227*s - 1550. Give x(63).
25
Let f(i) = i**2 - 56*i - 7688. Give f(120).
-8
Let j(h) = h**3 - 31*h**2 + 36*h - 669. Calculate j(30).
-489
Let k(s) = -39425*s - 78877. What is k(-2)?
-27
Let o(r) = -r**3 + 86*r**2 - 285*r + 111. Determine o(3).
3
Let h(v) = 931*v - 51636. What is h(55)?
-431
Let d(m) = 10*m**2 + 440*m - 1321. Give d(3).
89
Let r(y) = -y**2 + 60*y + 6377. Determine r(119).
-644
Let r(f) = f**3 - 136*f**2 + 4166*f + 2855. Calculate r(48).
71
Let h(m) = -2679*m + 24081. Determine h(9).
-30
Let g(k) = -1649*k - 1861712. What is g(-1129)?
9
Let d(n) = 421*n - 2322. Determine d(0).
-2322
Let l(y) = 75*y - 4015. Give l(64).
785
Let p(u) = -1123*u + 22938. Determine p(21).
-645
Let t(n) = 231535*n + 3473017. What is t(-15)?
-8
Let f(y) = 1124*y - 185399. What is f(165)?
61
Let a(s) = 20215*s - 950123. Calculate a(47).
-18
Let w(s) = s**3 - 3*s**2 - 557*s + 3075. What is w(22)?
17
Let g(p) = 3*p**2 - 350*p - 62230. Give g(-97).
-53
Let m(d) = -2*d**3 + 25*d**2 - 63*d + 201. Calculate m(13).
-787
Let w(r) = 650*r - 68. Determine w(-1).
-718
Let c(j) = -26*j**2 - 58*j + 8. Calculate c(0).
8
Let o(b) = b**2 - 165*b - 14384. Calculate o(227).
-310
Let c(j) = 3*j**2 - 1116*j + 4414. What is c(368)?
-2
Let u(k) = -k**3 + 48*k**2 - 585*k - 50. Give u(23).
-280
Let g(d) = 2*d**2 + 249*d + 1339. Give g(-119).
30
Let w(z) = 64*z + 11406. Determine w(-147).
1998
Let p(u) = 492505*u - 492435. What is p(1)?
70
Let b(u) = 8504*u - 1054513. Determine b(124).
-17
Let d(t) = -16*t - 3144. Determine d(-166).
-488
Let t(w) = -209*w - 248. Give t(-2).
170
Let x(u) = -u**3 + 7*u**2 + 22*u - 144. Give x(13).
-872
Let r(y) = -2*y**3 + 108*y**2 - 553*y - 53. Give r(48).
1051
Let z(v) = 2*v**3 - 101*v**2 + 451*v - 108. Determine z(4).
208
Let y(w) = w**3 + 222*w**2 + 226*w + 2046. What is y(-221)?
941
Let g(k) = k**3 - 131*k**2 - 900*k + 164345. What is g(128)?
-7
Let v(l) = -243*l**2 - 158*l + 160. What is v(1)?
-241
Let c(j) = 7*j**3 + 8*j**2 - 453*j + 2268. What is c(5)?
1078
Let t(m) = 65*m**3 - 12*m**2 - 33*m - 5. What is t(-2)?
-507
Let r(o) = 2*o**2 - 101*o + 1527. Calculate r(32).
343
Let g(u) = -u**3 + 72*u**2 - 97*u - 2971. Give g(70).
39
Let w(c) = -c**2 + 52*c + 6389. Give w(109).
176
Let f(r) = r**3 + 4*r**2 + 16*r + 843. Determine f(-10).
83
Let n(o) = 195*o**2 - 123*o + 125. What is n(1)?
197
Let g(x) = -x**2 + 314499*x - 2201493. Calculate g(7).
-49
Let k(l) = -6*l**2 + 246*l - 296. Calculate k(23).
2188
Let z(i) = -4*i**3 + 2*i**2 - 65*i + 275. Give z(5).
-500
Let q(w) = -19467*w + 232775. What is q(12)?
-829
Let h(c) = -377*c - 20041. Calculate h(-53).
-60
Let h(k) = -541*k**3 + 60*k**2 - 46*k - 7. What is h(1)?
-534
Let z(u) = u**3 + 137*u**2 - 332*u - 7035. Determine z(-139).
471
Let t(v) = -2*v**3 - 1798*v**2 + 5432*v + 18036. Determine t(-902).
-4
Let r(k) = -61*k**3 - 1406*k**2 - 73*k - 100. Give r(-23).
-8
Let i(h) = 8692*h - 165249. Determine i(19).
-101
Let n(r) = -9*r**3 + 14*r**2 - 18*r - 67. Calculate n(3).
-238
Let k(j) = j**3 - 76*j**2 - 7*j + 475. Determine k(76).
-57
Let x(l) = 12*l**2 - 9670*l + 8049. Determine x(805).
-1
Let p(z) = -8*z**2 - 16272*z - 11. Calculate p(0).
-11
Let q(h) = -1360*h + 106397. Calculate q(78).
317
Let m(c) = 4*c**3 - 16*c**2 + 137*c - 35. Give m(8).
2085
Let k(b) = 4506*b - 113722. What is k(25)?
-1072
Let x(a) = 432*a + 20965. Calculate x(-48).
229
Let m(c) = -105*c**2 + 720*c + 998. Calculate m(8).
38
Let f(y) = -77*y**2 - 1140*y + 1139. Calculate f(1).
-78
Let n(d) = 14*d**2 + 26*d - 362. Calculate n(-7).
142
Let d(q) = -2518*q + 1415252. Determine d(562).
136
Let h(i) = -i**3 - 65*i**2 + 2348*i + 346. Determine h(26).
-122
Let v(q) = -2*q**3 - 1232*q**2 + 51090*q - 153. Give v(-655).
-153
Let c(z) = 152*z**2 - 5628*z + 162. Determine c(37).
14
Let w(o) = o**3 + 4*o**2 - 111*o - 120. Determine w(-12).
60
Let g(x) = 2*x**2 + 2462*x - 47501. Give g(19).
-1
Let x(h) = -93*h**2 + 135049*h - 18871. Calculate x(1452).
5
Let a(p) = -9658*p - 86560. What is a(-9)?
362
Let d(c) = c**2 - 400*c - 253774. Calculate d(742).
-10
Let d(l) = 909*l - 98238. Determine d(108).
-66
Let b(x) = 7*x**2 + 961*x + 32095. Determine b(-82).
361
Let k(w) = 361*w**2 - 2939*w - 52. Give k(8).
-460
Let h(u) = -665*u + 109138. Determine h(164).
78
Let s(h) = 16726*h - 618872. Determine s(37).
-10
Let r(p) = 35670*p + 249462. Give r(-7).
-228
Let k(y) = -377*y**2 + 46*y + 31. Calculate k(0).
31
Let f(v) = 5*v + 588. Determine f(-120).
-12
Let u(g) = -11*g**2 - 560*g + 1859. Calculate u(-55).
-616
Let n(w) = -28*w**3 + 11*w**2 - 288*w - 299. Determine n(-1).
28
Let g(y) = -y**2 + 340*y - 6399. Calculate g(20).
1
Let r(o) = -o**3 + 21*o**2 + 635*o - 11940. Determine r(17).
11
Let u(z) = 815*z - 2311. Give u(3).
134
Let m(k) = 30*k - 1023. Determine m(-2).
-1083
Let k(w) = -165*w + 69722. Calculate k(422).
92
Let b(r) = -r**3 - 25*r**2 + 227*r - 47. Calculate b(7).
-26
Let v(p) = -p**2 + 1320*p + 6586. What is v(-5)?
-39
Let m(d) = 23380*d - 350726. What is m(15)?
-26